What is the tens digit of 1420?
2
What is the units digit of 817?
7
What is the hundreds digit of 769?
7
What is the thousands digit of 2752?
2
What is the ten thousands digit of 26226?
2
What is the thousands digit of 2478?
2
What is the units digit of 612?
2
What is the hundreds digit of 5092?
0
What is the hundreds digit of 5216?
2
What is the thousands digit of 4745?
4
What is the hundreds digit of 1413?
4
What is the tens digit of 78202?
0
What is the units digit of 1331?
1
What is the thousands digit of 1924?
1
What is the tens digit of 50218?
1
What is the tens digit of 2713?
1
What is the thousands digit of 6316?
6
What is the tens digit of 87427?
2
What is the hundreds digit of 5955?
9
What is the tens digit of 140108?
0
What is the thousands digit of 1717?
1
What is the hundred thousands digit of 128758?
1
What is the tens digit of 11971?
7
What is the tens digit of 4678?
7
What is the hundreds digit of 198?
1
What is the hundreds digit of 1887?
8
What is the hundreds digit of 1672?
6
What is the units digit of 673?
3
What is the thousands digit of 2419?
2
What is the tens digit of 22969?
6
What is the units digit of 284?
4
What is the hundreds digit of 13351?
3
What is the tens digit of 188?
8
What is the hundreds digit of 10672?
6
What is the hundreds digit of 13039?
0
What is the hundreds digit of 4518?
5
What is the tens digit of 15464?
6
What is the ten thousands digit of 68077?
6
What is the hundreds digit of 1057?
0
What is the units digit of 2190?
0
What is the ten thousands digit of 91598?
9
What is the thousands digit of 2135?
2
What is the tens digit of 852?
5
What is the ten thousands digit of 52194?
5
What is the ten thousands digit of 12810?
1
What is the tens digit of 14606?
0
What is the hundreds digit of 2178?
1
What is the hundreds digit of 301?
3
What is the units digit of 687?
7
What is the thousands digit of 3286?
3
What is the tens digit of 514?
1
What is the units digit of 2421?
1
What is the units digit of 4842?
2
What is the tens digit of 99139?
3
What is the tens digit of 1997?
9
What is the tens digit of 307?
0
What is the ten thousands digit of 47548?
4
What is the tens digit of 2738?
3
What is the thousands digit of 1218?
1
What is the hundreds digit of 72474?
4
What is the units digit of 14464?
4
What is the units digit of 428?
8
What is the thousands digit of 1388?
1
What is the tens digit of 7583?
8
What is the tens digit of 1241?
4
What is the units digit of 347?
7
What is the tens digit of 53120?
2
What is the units digit of 45012?
2
What is the hundreds digit of 4646?
6
What is the hundreds digit of 297?
2
What is the units digit of 120?
0
What is the units digit of 7826?
6
What is the tens digit of 428?
2
What is the ten thousands digit of 14784?
1
What is the units digit of 2441?
1
What is the hundreds digit of 6755?
7
What is the units digit of 33?
3
What is the units digit of 26229?
9
What is the units digit of 737?
7
What is the units digit of 2182?
2
What is the tens digit of 3013?
1
What is the tens digit of 29637?
3
What is the thousands digit of 60615?
0
What is the tens digit of 16373?
7
What is the thousands digit of 59639?
9
What is the units digit of 16429?
9
What is the hundreds digit of 1046?
0
What is the thousands digit of 12767?
2
What is the hundreds digit of 4051?
0
What is the hundreds digit of 2719?
7
What is the units digit of 532?
2
What is the thousands digit of 2420?
2
What is the ten thousands digit of 20188?
2
What is the thousands digit of 1415?
1
What is the units digit of 3236?
6
What is the units digit of 4422?
2
What is the thousands digit of 23663?
3
What is the tens digit of 28647?
4
What is the thousands digit of 5044?
5
What is the tens digit of 4021?
2
What is the tens digit of 2172?
7
What is the units digit of 72508?
8
What is the units digit of 11274?
4
What is the hundreds digit of 3431?
4
What is the hundreds digit of 81218?
2
What is the ten thousands digit of 68525?
6
What is the hundreds digit of 27680?
6
What is the units digit of 6123?
3
What is the ten thousands digit of 21172?
2
What is the units digit of 18081?
1
What is the thousands digit of 20816?
0
What is the units digit of 65997?
7
What is the thousands digit of 11427?
1
What is the thousands digit of 1549?
1
What is the tens digit of 59627?
2
What is the thousands digit of 68416?
8
What is the units digit of 11994?
4
What is the ten thousands digit of 29083?
2
What is the units digit of 2618?
8
What is the tens digit of 4573?
7
What is the ten thousands digit of 119985?
1
What is the hundreds digit of 131221?
2
What is the tens digit of 1275?
7
What is the hundreds digit of 49750?
7
What is the tens digit of 326?
2
What is the tens digit of 800?
0
What is the thousands digit of 60888?
0
What is the units digit of 14288?
8
What is the tens digit of 21585?
8
What is the thousands digit of 39881?
9
What is the hundreds digit of 27345?
3
What is the hundreds digit of 7043?
0
What is the tens digit of 743?
4
What is the units digit of 6172?
2
What is the thousands digit of 1048?
1
What is the ten thousands digit of 11313?
1
What is the hundreds digit of 1377?
3
What is the hundreds digit of 1180?
1
What is the ten thousands digit of 10607?
1
What is the tens digit of 6141?
4
What is the tens digit of 231?
3
What is the thousands digit of 2559?
2
What is the tens digit of 2321?
2
What is the tens digit of 4430?
3
What is the tens digit of 7321?
2
What is the thousands digit of 2385?
2
What is the tens digit of 601?
0
What is the hundreds digit of 503?
5
What is the hundreds digit of 1994?
9
What is the tens digit of 1931?
3
What is the tens digit of 16927?
2
What is the hundreds digit of 91578?
5
What is the tens digit of 17919?
1
What is the tens digit of 761?
6
What is the units digit of 8981?
1
What is the tens digit of 4042?
4
What is the hundreds digit of 3767?
7
What is the tens digit of 94045?
4
What is the tens digit of 1273?
7
What is the units digit of 51426?
6
What is the thousands digit of 1795?
1
What is the ten thousands digit of 63941?
6
What is the hundreds digit of 1079?
0
What is the units digit of 18439?
9
What is the units digit of 9?
9
What is the units digit of 3016?
6
What is the thousands digit of 58360?
8
What is the thousands digit of 18113?
8
What is the thousands digit of 6653?
6
What is the units digit of 34675?
5
What is the tens digit of 1749?
4
What is the hundreds digit of 1953?
9
What is the thousands digit of 8674?
8
What is the thousands digit of 4652?
4
What is the hundreds digit of 1186?
1
What is the tens digit of 24308?
0
What is the thousands digit of 4837?
4
What is the hundreds digit of 12064?
0
What is the ten thousands digit of 72577?
7
What is the tens digit of 70406?
0
What is the tens digit of 57?
5
What is the thousands digit of 1381?
1
What is the thousands digit of 6383?
6
What is the ten thousands digit of 12614?
1
What is the units digit of 12246?
6
What is the units digit of 3208?
8
What is the hundreds digit of 663?
6
What is the tens digit of 517?
1
What is the hundreds digit of 7124?
1
What is the units digit of 1549?
9
What is the tens digit of 3112?
1
What is the hundreds digit of 798?
7
What is the tens digit of 14935?
3
What is the tens digit of 3912?
1
What is the units digit of 15496?
6
What is the hundreds digit of 1620?
6
What is the thousands digit of 1081?
1
What is the units digit of 1417?
7
What is the hundred thousands digit of 132382?
1
What is the hundreds digit of 801?
8
What is the units digit of 3350?
0
What is the thousands digit of 7771?
7
What is the hundreds digit of 14332?
3
What is the tens digit of 157453?
5
What is the tens digit of 26070?
7
What is the hundreds digit of 776?
7
What is the tens digit of 589?
8
What is the thousands digit of 3758?
3
What is the hundreds digit of 1774?
7
What is the units digit of 1447?
7
What is the hundreds digit of 2534?
5
What is the tens digit of 7444?
4
What is the units digit of 40656?
6
What is the tens digit of 59161?
6
What is the thousands digit of 15413?
5
What is the units digit of 60173?
3
What is the tens digit of 158669?
6
What is the tens digit of 914?
1
What is the hundreds digit of 75796?
7
What is the tens digit of 2102?
0
What is the units digit of 2135?
5
Wha